= 3*v - 1. Let w(y) be the second derivative of 0 + 13/6*y**3 + 1/12*y**4 - 11*y + 37/2*y**2. Let x be w(-9). What is d(x)?
2
Let a(p) = 2*p**2 - 7*p - 1. Let i = -7432 - -7436. Determine a(i).
3
Let u(x) = 3*x**2 + 5. Let l(h) = -h - 1. Let o(p) = -2*l(p) - u(p). Determine o(2).
-11
Let l(x) = -395*x + 10270. Let y be l(26). Let w(t) be the third derivative of -3/2*t**3 + 0*t + 2*t**2 + 1/24*t**4 + 0 + 1/60*t**5. Determine w(y).
-9
Let z(r) = -3 + 19*r + r**2 + r**3 + 15*r + 0 - 54*r + 19*r. Calculate z(3).
30
Suppose 356 = -14*s + 188. Let o(k) = 2*k**3 + 26*k**2 + 15*k - 106. Calculate o(s).
2
Let r = 33 + 7. Suppose 0 = -42*g + r*g + 14. Let s(q) = q**3 - 6*q**2 - 11*q + 10. Determine s(g).
-18
Let z(k) = -6*k + 6. Suppose 62*b = 67*b + 820. Let r = b - -169. Determine z(r).
-24
Let p(c) = 4*c - 2. Let y(g) = -12*g + 6. Let v(k) = 7*p(k) + 2*y(k). Suppose 0 = 7*o + 2*o + o. Suppose o = 10*d - 27 + 7. Calculate v(d).
6
Let k(r) = -307 + 31*r + 686 - 28*r - 342. Determine k(-11).
4
Let p(g) = 14*g + 104. Let l be 160/15*(-3)/10*5/2. Give p(l).
-8
Let j(h) = -21*h + 72. Suppose 4*w = 4*d, -w + 10*d - 14*d = -25. Let g(a) = 13*a - 48. Let k(b) = w*j(b) + 8*g(b). Determine k(0).
-24
Let a be 165/(-66)*128/(-10). Suppose 12*h - 16*h - a = 4*i, -3*h = 6. Let d(g) = g + 10. What is d(i)?
4
Let q(p) be the second derivative of -p**3/3 + p**2 + 4*p. Suppose -4*b - 19 = 3*l, 2*b + 13 = -l - b. Let v be (45/54*-3)/(l/2). Give q(v).
-8
Let p(h) = 3*h + 63. Let z(a) = 15*a + 376. Let n(l) = -13*p(l) + 2*z(l). Calculate n(-8).
5
Let i be (-4)/26 + 558/78. Let d(x) be the third derivative of 0 + 7/60*x**5 + 1/24*x**4 - 1/120*x**6 + 20*x**2 + 2/3*x**3 + 0*x. Determine d(i).
11
Let q(k) = -k**3 - 3*k**2 + k - 7. Suppose 6*p - 21*p + 360 = 0. Suppose p = 75*u - 81*u. Give q(u).
5
Let f(b) = -b + 29. Suppose -4*o + 51 = 3*v, -31*v - 10 = -32*v + o. Calculate f(v).
16
Let h(y) = 2566*y + 2. Let b(n) = -151*n. Let k(d) = -34*b(d) - 2*h(d). Suppose 4 = -2*f - 2. Give k(f).
-10
Let l(s) = 8*s + 5. Suppose 25*h = 9*h + 256. Suppose -9*j + 12*j = 4*t - 28, 0 = 5*j + t + h. What is l(j)?
-27
Let c(g) = g**3 - 15*g**2 - 2*g + 31. Suppose 0 = -1212*q + 1228*q - 240. Calculate c(q).
1
Let c(b) = 21*b**2 + 4*b - 9. Let l(m) = m**2 - m + 2. Let q(z) = -c(z) - 5*l(z). Determine q(2).
-103
Let t(p) = -18*p - 170. Suppose 58*u - 53 = 5*z + 62*u, 0 = z + u + 11. Calculate t(z).
-8
Let z(r) = -16*r**2 + 15*r - 1093. Let y(p) = -17*p**2 + 16*p - 1157. Let l(x) = 17*y(x) - 18*z(x). Calculate l(4).
-3
Let f(l) be the third derivative of l**5/60 - 11*l**4/24 - l**3/3 - 122*l**2. Suppose 5*h - 51 = 2*x, 45 = 5*h + 4*x - 9*x. Calculate f(h).
-2
Let j(z) be the third derivative of -z**6/720 - 17*z**5/120 - 9*z**4/8 - z**2 + 7. Let o(a) be the second derivative of j(a). Calculate o(0).
-17
Let l(p) = -p**2 - 2*p. Suppose -3*r + 9 = -5*b, -1 = 5*b - 5*r + 14. Suppose b = 18*i + i + 76. What is l(i)?
-8
Let b(a) = a - 3. Suppose 0*i + 2*i + 2 = 0. Let s = 6 + i. Suppose -41 = -4*p + 5*g, 5*g = -s*p + g + 41. Calculate b(p).
6
Let b(h) = h**3 + 2*h**2 + 2*h - 5. Let p = 5994 - 5992. What is b(p)?
15
Let a(c) = c**3 + 23*c**2 - 29*c - 131. Suppose 390*r - 3*z = 392*r + 66, 0 = -5*r - 5*z - 150. Give a(r).
-11
Let f(t) = -2*t - 1. Suppose -5*d - 21 = -11. Let c be (d/10)/(2/(-30)). Suppose 5 = -3*w - 0*w - p, 3*w + c*p = 3. What is f(w)?
5
Let w(u) = -7*u**2 + u + 1. Let x(a) = 13*a**2 - 9*a - 4. Let h be 2/18 + 8 + (-455)/45. Let c(l) = h*w(l) - x(l). Calculate c(-7).
2
Suppose 0 = 129*b - 201*b + 288. Let o(n) = n**2 - 5*n - 2. Calculate o(b).
-6
Let p(f) = -8*f**3 - 24*f**2 - 35*f + 24. Let i(a) = a**2 + 18*a**3 - 8*a**3 - 7*a**3 + 7*a**2 + 12*a - 8. Let l(h) = -11*i(h) - 4*p(h). Calculate l(9).
-17
Let r(y) be the second derivative of y**6/120 + y**5/60 - y**4/24 + y**3 - 99*y**2/2 - 92*y. Let a(n) be the first derivative of r(n). What is a(0)?
6
Let q(f) = 5 + 4*f - 1 - 1 + 1 + 2*f**2. Let t be q(-2). Suppose -2*u + t*u = 6. Let s(y) = -y**3 + 3*y**2 + 3*y - 1. Determine s(u).
8
Let m(q) be the third derivative of q**6/360 + q**5/60 - q**4/8 + 5*q**3/2 - 24*q**2. Let b(i) be the first derivative of m(i). Determine b(-4).
5
Let f(o) = 14*o + 106. Let d(h) = 7*h + 46. Let x(u) = -7*d(u) + 3*f(u). Suppose 11 = -m + 3*r, -5*m - r - 21 = r. What is x(m)?
31
Let x(m) be the second derivative of -3*m**4 + 5*m**3/6 - 3*m**2 - 3*m - 215. Give x(1).
-37
Let o(p) be the first derivative of -5*p - 5/3*p**3 + 5 - 1/4*p**4 + 1/2*p**2. Suppose 7*n + 62 - 27 = 0. Calculate o(n).
-10
Let a(b) = -b**2 + b - 27. Let q be -2*(0 - -1) - 566/(-283). Determine a(q).
-27
Let j(s) = s**2 + 3*s - 9. Let i be 8 - (6 - -6) - -2. Let y(n) = n**2 + 2*n - 7. Let p(k) = i*j(k) + 3*y(k). Determine p(-3).
6
Let q = 96 + -139. Let g = 49 + q. Let h(k) = 7*k**3 - 12*k**2 + k - 11. Let p(r) = 6*r**3 - 11*r**2 + r - 10. Let n(m) = g*p(m) - 5*h(m). Determine n(6).
1
Let m be ((-1)/(-2))/((-1)/(-2)). Let c(q) = 3*q**3 + q**3 - 1102*q + 2210*q - 1109*q. Determine c(m).
3
Let t(k) = -3*k + 6. Let g(x) = 2*x - 28. Let z be g(11). Let n be z/105*-5 + (-2)/7. Suppose -1 - 8 = -3*i, n = -4*d - i + 19. Calculate t(d).
-6
Let w = -76 + 141. Suppose w*b = 73*b + 24. Let i(v) = -v**3 - 2*v**2 + 4*v - 1. Determine i(b).
-4
Suppose 12*k = -0*k + 24. Let a(r) = 2*r + 2*r**2 + r**k + 456 - 457 - r**2 + 2*r**2. Let l be (-10)/(-14) - 6/(-21). Calculate a(l).
5
Let u(k) = -4*k - 4. Let w(o) = -10*o - 21. Let y be w(-4). Suppose 0 = -5*s + y - 4. Suppose -3*x - 18 = -s*d, -3*d + 21 - 3 = 2*x. Give u(d).
-28
Let f = -4106 + 4102. Let j(p) = p - 11. What is j(f)?
-15
Let j = -1596 + 1598. Let f(w) = -12*w**2 + 2 + 0 + 7*w**2. Give f(j).
-18
Let i = 487 + -300. Let z be (-3)/(2/15 - i/165). Let r(h) = -h**3 + 4*h**2 - h - 3. Give r(z).
3
Let j(i) = i + 28. Let v(p) = 26. Let g(x) = -6*j(x) + 5*v(x). Give g(-8).
10
Suppose 0 = 3*z, 5*x + 3*z = -0*z + 40. Suppose 12 = -x*n + 14*n. Let y(b) = b**3 - b**2 + 3*b - 3. Determine y(n).
7
Let a(u) = -21*u**3. Let p(w) = -w**2 - 21*w + 77. Let g be p(-24). Suppose 3*m = s + 1 + 6, -g*m = 4*s + 11. Calculate a(m).
-21
Let u(p) = 3*p**2 + 8*p - 3. Let n(h) = 49*h**2 + 130*h - 49. Let i(g) = -2*n(g) + 33*u(g). Let y = -5 - -2. What is i(y)?
-4
Suppose 2*z + 18 = 2*r, 19*r - 14*r - 4*z - 49 = 0. Let l(x) = x**3 + 1. Let o(v) = 4*v**3 + 14*v**2 - 13*v + 6. Let t(b) = -5*l(b) + o(b). What is t(r)?
1
Let l(k) = -1171*k + 1145. Let j be l(1). Let s(a) = -40*a - 1044. Calculate s(j).
-4
Let h(a) = -137*a**2 - 6575*a + 55. Let l be h(-48). Let f(t) be the first derivative of -1/3*t**3 - 1/2*t**2 - t + l + 11/2*t**4. Calculate f(-1).
-23
Let y(d) = 5*d**2 - 8*d - 75. Let u(a) = 3*a**2 - 8*a - 56. Let c(w) = -3*u(w) + 2*y(w). What is c(-2)?
6
Let k(j) be the third derivative of -j**5/60 - j**4/4 + j**3/3 - 94*j**2 + j. What is k(-5)?
7
Let b(f) = -25*f - 72. Suppose -74 = 246*d + 664. Determine b(d).
3
Let v(u) = 23*u - 6*u + 6*u**2 - 48 + 4*u**2 + 28*u. Let t(p) = -7*p**2 - 30*p + 32. Let r(f) = 7*t(f) + 5*v(f). Calculate r(-16).
0
Let b(v) be the second derivative of -v**6/360 - v**5/20 - v**4/24 + v**3/2 - 2*v + 32. Let l(o) be the second derivative of b(o). Give l(-4).
7
Let v(o) = -3*o**2 + 4*o - 4*o**3 + 5*o**3 - 2*o + 4 + 4*o**2. Let b(r) = r**3 + r**2 + r. Let x(m) = 2*b(m) - v(m). Let j be -5*1*(-4)/(-5) - -4. What is x(j)?
-4
Let u(d) = 3*d**2 + d + 11. Let z(q) = -7*q**2 - 8*q - 21. Let p(y) = -5*u(y) - 2*z(y). Give p(8).
11
Let m be (3/6)/((-2)/36). Let j be (-1 + m)/(2 - 0). Let k(h) = 7*h**2 - 8*h**2 + 2*h**2 + 5*h + 35 + 38 - 74. What is k(j)?
-1
Let f(v) = 6*v**2 + 18. Let n(l) = -37*l**2 + 69*l - 246. Let q(s) = -6*f(s) - n(s). Determine q(67).
4
Let b(p) = 3*p**2 + 24*p - 41. Let z(f) = f**2 + 8*f - 14. Let l(y) = 3*b(y) - 8*z(y). Suppose 0 = -16*u - 163 + 35. Determine l(u).
-11
Let z(p) = -4*p**2 + 3*p + 3. Let c be 96/(-36) + (-12)/(-18). Give z(c).
-19
Suppose -4*y - 8 = -2*x - 0, -3*x - 4*y = -2. Suppose 2*k = -3*w - 58, -x*w = 5*k - 0*w + 123. Let f = k + 20. Let q(g) = g + 4. Calculate q(f).
1
Let v = 43595 + -43591. Let k(t) = -2*t**3 + 7*t**2 + 13. What is k(v)?
-3
Let n(u) be the first derivative of -2*u**3/3 + u**2 + 2*u + 2. Suppose -50*b = -54*b + 1392. Suppose -351 + b = -s. De